22?
2
What is the hundreds digit of 13749?
7
What is the thousands digit of 9219?
9
What is the tens digit of 9914?
1
What is the hundreds digit of 4764?
7
What is the units digit of 4244?
4
What is the hundreds digit of 5284?
2
What is the thousands digit of 29294?
9
What is the hundreds digit of 15325?
3
What is the hundreds digit of 250?
2
What is the tens digit of 1206?
0
What is the units digit of 661?
1
What is the hundreds digit of 2506?
5
What is the thousands digit of 66199?
6
What is the tens digit of 12776?
7
What is the hundreds digit of 780?
7
What is the tens digit of 764?
6
What is the hundreds digit of 1470?
4
What is the tens digit of 47317?
1
What is the tens digit of 2460?
6
What is the tens digit of 29522?
2
What is the hundreds digit of 567?
5
What is the units digit of 10106?
6
What is the tens digit of 158561?
6
What is the units digit of 10262?
2
What is the hundreds digit of 419?
4
What is the thousands digit of 6655?
6
What is the thousands digit of 3861?
3
What is the thousands digit of 2433?
2
What is the hundreds digit of 11141?
1
What is the tens digit of 939?
3
What is the tens digit of 65945?
4
What is the hundreds digit of 4517?
5
What is the tens digit of 1490?
9
What is the thousands digit of 4942?
4
What is the hundreds digit of 206072?
0
What is the thousands digit of 82255?
2
What is the tens digit of 8211?
1
What is the ten thousands digit of 77809?
7
What is the thousands digit of 13376?
3
What is the tens digit of 12477?
7
What is the units digit of 33424?
4
What is the units digit of 27484?
4
What is the thousands digit of 30617?
0
What is the tens digit of 683?
8
What is the units digit of 731?
1
What is the thousands digit of 9546?
9
What is the tens digit of 3271?
7
What is the hundreds digit of 16643?
6
What is the thousands digit of 28134?
8
What is the tens digit of 18816?
1
What is the thousands digit of 16626?
6
What is the hundreds digit of 881?
8
What is the tens digit of 72305?
0
What is the tens digit of 1154?
5
What is the units digit of 16311?
1
What is the hundreds digit of 3532?
5
What is the hundreds digit of 10893?
8
What is the tens digit of 132796?
9
What is the tens digit of 876?
7
What is the hundreds digit of 2953?
9
What is the tens digit of 2378?
7
What is the tens digit of 67590?
9
What is the tens digit of 10828?
2
What is the units digit of 975?
5
What is the units digit of 9007?
7
What is the hundreds digit of 2078?
0
What is the ten thousands digit of 21732?
2
What is the hundred thousands digit of 122829?
1
What is the units digit of 932?
2
What is the units digit of 194?
4
What is the thousands digit of 1341?
1
What is the tens digit of 12412?
1
What is the units digit of 3?
3
What is the hundreds digit of 825?
8
What is the thousands digit of 4556?
4
What is the hundreds digit of 2657?
6
What is the tens digit of 15232?
3
What is the units digit of 412?
2
What is the units digit of 24792?
2
What is the hundreds digit of 1478?
4
What is the tens digit of 1040?
4
What is the thousands digit of 3614?
3
What is the units digit of 22382?
2
What is the thousands digit of 37535?
7
What is the tens digit of 54744?
4
What is the thousands digit of 87142?
7
What is the tens digit of 3119?
1
What is the hundreds digit of 527?
5
What is the tens digit of 59?
5
What is the tens digit of 3160?
6
What is the tens digit of 43460?
6
What is the hundreds digit of 40311?
3
What is the ten thousands digit of 17884?
1
What is the tens digit of 38314?
1
What is the units digit of 933?
3
What is the thousands digit of 36296?
6
What is the tens digit of 40892?
9
What is the hundreds digit of 29090?
0
What is the tens digit of 33?
3
What is the units digit of 520?
0
What is the ten thousands digit of 15773?
1
What is the hundreds digit of 1323?
3
What is the hundreds digit of 301?
3
What is the units digit of 261?
1
What is the thousands digit of 63926?
3
What is the ten thousands digit of 17088?
1
What is the units digit of 1821?
1
What is the tens digit of 814?
1
What is the hundreds digit of 77693?
6
What is the tens digit of 22394?
9
What is the tens digit of 1503?
0
What is the hundreds digit of 24845?
8
What is the tens digit of 222?
2
What is the tens digit of 710?
1
What is the units digit of 101463?
3
What is the tens digit of 32259?
5
What is the hundreds digit of 3103?
1
What is the tens digit of 273?
7
What is the hundreds digit of 129?
1
What is the tens digit of 488?
8
What is the hundreds digit of 24284?
2
What is the thousands digit of 1395?
1
What is the hundreds digit of 4293?
2
What is the tens digit of 61465?
6
What is the units digit of 4060?
0
What is the thousands digit of 2599?
2
What is the ten thousands digit of 100885?
0
What is the tens digit of 249?
4
What is the units digit of 1263?
3
What is the tens digit of 332?
3
What is the hundreds digit of 161?
1
What is the tens digit of 7873?
7
What is the hundreds digit of 6972?
9
What is the units digit of 7418?
8
What is the hundreds digit of 1243?
2
What is the units digit of 5879?
9
What is the tens digit of 8520?
2
What is the tens digit of 107919?
1
What is the tens digit of 448?
4
What is the tens digit of 141?
4
What is the tens digit of 6700?
0
What is the tens digit of 5082?
8
What is the hundreds digit of 197?
1
What is the units digit of 12543?
3
What is the hundreds digit of 3503?
5
What is the tens digit of 312?
1
What is the tens digit of 4523?
2
What is the thousands digit of 1460?
1
What is the thousands digit of 6812?
6
What is the units digit of 2263?
3
What is the thousands digit of 7295?
7
What is the units digit of 73?
3
What is the hundreds digit of 4666?
6
What is the hundreds digit of 654?
6
What is the thousands digit of 11865?
1
What is the tens digit of 34831?
3
What is the thousands digit of 19938?
9
What is the tens digit of 6466?
6
What is the hundreds digit of 600?
6
What is the tens digit of 5925?
2
What is the units digit of 11848?
8
What is the tens digit of 474?
7
What is the hundreds digit of 2462?
4
What is the thousands digit of 6467?
6
What is the thousands digit of 99937?
9
What is the units digit of 68921?
1
What is the units digit of 5459?
9
What is the hundreds digit of 4648?
6
What is the units digit of 28430?
0
What is the thousands digit of 7762?
7
What is the units digit of 904?
4
What is the units digit of 10906?
6
What is the units digit of 2918?
8
What is the thousands digit of 9548?
9
What is the units digit of 292?
2
What is the tens digit of 12442?
4
What is the tens digit of 10534?
3
What is the tens digit of 20?
2
What is the tens digit of 8785?
8
What is the thousands digit of 2532?
2
What is the tens digit of 275?
7
What is the thousands digit of 40454?
0
What is the tens digit of 2657?
5
What is the tens digit of 33167?
6
What is the ten thousands digit of 34187?
3
What is the units digit of 936?
6
What is the hundreds digit of 146?
1
What is the ten thousands digit of 34273?
3
What is the tens digit of 1764?
6
What is the tens digit of 1001?
0
What is the ten thousands digit of 56122?
5
What is the tens digit of 16163?
6
What is the hundreds digit of 813?
8
What is the hundreds digit of 211?
2
What is the hundreds digit of 42344?
3
What is the units digit of 2026?
6
What is the tens digit of 12552?
5
What is the units digit of 5386?
6
What is the hundreds digit of 259?
2
What is the thousands digit of 3267?
3
What is the tens digit of 5479?
7
What is the hundreds digit of 2184?
1
What is the ten thousands digit of 35879?
3
What is the units digit of 19643?
3
What is the thousands digit of 100168?
0
What is the hundreds digit of 4794?
7
What is the units digit of 26758?
8
What is the ten thousands digit of 25866?
2
What is the hundreds digit of 417?
4
What is the units digit of 1812?
2
What is the thousands digit of 9878?
9
What is the hundreds digit of 344?
3
What is the thousands digit of 8373?
8
What is the hundreds digit of 90797?
7
What is the units digit of 80?
0
What is the tens digit of 567?
6
What is the hundreds digit of 5940?
9
What is the thousands digit of 1958?
1
What is the hundreds digit of 15381?
3
What is the hundreds digit of 929?
9
What is the ten thousands digit of 43479?
4
What is the units digit of 775?
5
What is the tens digit of 364?
